e 2.
-10110111000
Convert 13020 (base 7) to base 2.
110101110100
What is -ab (base 13) in base 12?
-b9
Convert 1e9 (base 16) to base 12.
349
30516 (base 7) to base 5
214321
101111010001 (base 2) to base 12
1901
-204106 (base 8) to base 9
-112721
22135 (base 7) to base 9
7561
What is -908 (base 15) in base 14?
-a53
-28528 (base 10) to base 2
-110111101110000
Convert -2955 (base 12) to base 2.
-1001011010001
-31213 (base 4) to base 9
-1167
-1a4f (base 16) to base 8
-15117
What is 1225 (base 9) in base 7?
2444
What is 8856 (base 16) in base 10?
34902
What is -55121 (base 6) in base 12?
-44a1
What is 17257 (base 12) in base 4?
20012203
1202102 (base 3) to base 13
776
What is -1112 (base 5) in base 12?
-111
What is 63992 (base 11) in base 5?
10434104
-11632 (base 7) to base 16
-bf5
-1220200 (base 3) to base 14
-719
Convert -3120 (base 16) to base 13.
-5955
What is -1377 (base 11) in base 15?
-7d8
148 (base 14) to base 9
318
What is -28137 (base 9) in base 10?
-19069
Convert -d9 (base 16) to base 10.
-217
451302 (base 6) to base 4
21100112
-4a0 (base 12) to base 11
-583
11003 (base 4) to base 5
2243
Convert -10000101110111 (base 2) to base 10.
-8567
253 (base 12) to base 9
430
Convert 58a3 (base 13) to base 3.
122002212
201202100 (base 3) to base 10
14400
What is 84d (base 16) in base 7?
6124
What is 214145 (base 6) in base 7?
102554
241224 (base 5) to base 15
29ae
-3111 (base 6) to base 3
-221121
What is -11111010011 (base 2) in base 15?
-8d8
-143054 (base 7) to base 5
-1334404
What is 10655 (base 7) in base 2?
101010101111
What is -100100100001 (base 2) in base 13?
-10aa
Convert 6c48 (base 15) to base 5.
1214033
Convert 6bee (base 16) to base 2.
110101111101110
Convert -30013 (base 4) to base 5.
-11100
1455 (base 6) to base 3
112122
Convert 20031 (base 4) to base 16.
20d
Convert -177 (base 11) to base 12.
-151
16760 (base 11) to base 9
35255
What is 100010000100 (base 2) in base 7?
6233
13302 (base 7) to base 16
dfb
Convert -971c (base 14) to base 12.
-13126
3642 (base 9) to base 7
10622
What is 319b (base 15) in base 6?
120332
-1305 (base 6) to base 7
-650
Convert d15 (base 16) to base 5.
101344
Convert -10101000 (base 2) to base 4.
-2220
Convert 768 (base 16) to base 12.
1120
What is -16077 (base 10) in base 6?
-202233
Convert -e46 (base 15) to base 14.
-125a
What is -5433 (base 6) in base 4?
-103131
Convert -23890 (base 10) to base 7.
-126436
45241 (base 8) to base 14
6d69
What is -1172 (base 14) in base 7?
-11602
10111100000 (base 2) to base 12
a54
b882 (base 15) to base 4
21202013
What is 11022010 (base 3) in base 5?
100020
545 (base 10) to base 15
265
What is 101001001 (base 2) in base 9?
405
What is 230 (base 6) in base 12?
76
What is 20210222 (base 3) in base 2?
1001101100111
What is 1783 (base 10) in base 16?
6f7
What is -314 (base 16) in base 8?
-1424
Convert 20242 (base 5) to base 12.
922
What is 629 (base 12) in base 4?
32001
115140 (base 6) to base 5
311322
Convert -12a5 (base 15) to base 4.
-332030
23 (base 6) to base 12
13
-15562 (base 11) to base 13
-9ccc
Convert 3de5 (base 16) to base 15.
4a65
26664 (base 9) to base 6
215304
a1 (base 15) to base 2
10010111
What is -31011 (base 5) in base 4?
-133112
21d (base 14) to base 9
515
-23c (base 14) to base 4
-12332
Convert 11010002 (base 3) to base 10.
2999
What is -14852 (base 11) in base 9?
-31712
-308 (base 9) to base 3
-100022
Convert -193 (base 12) to base 3.
-100110
-1427 (base 16) to base 4
-1100213
-3608 (base 9) to base 15
-bdb
9cc5 (base 14) to base 13
c50c
What is 110567 (base 8) in base 15?
b079
What is 546 (base 7) in base 12?
1b3
What is 2551 (base 14) in base 16?
198b
What is 490 (base 10) in base 15?
22a
What is b4 (base 14) in base 4?
2132
3311 (base 4) to base 10
245
What is -2471 (base 8) in base 3?
-1211112
Convert -42848 (base 9) to base 4.
-12323222
-10000101100 (base 2) to base 4
-100230
a01b (base 14) to base 13
c669
What is -10002 (base 4) in base 16?
-102
Convert a14b (base 15) to base 7.
201155
Convert -2020110022 (base 3) to base 9.
-66408
What is 22792 (base 10) in base 15?
6b47
Convert 4749a (base 11) to base 6.
1245002
What is -334b (base 13) in base 2?
-1101111111001
Convert -684 (base 15) to base 11.
-1120
-3364 (base 7) to base 3
-1200021
Convert -23534 (base 8) to base 12.
-59b8
What is -250 (base 13) in base 15?
-1bd
Convert -1210103 (base 4) to base 13.
-2bca
Convert -102001021 (base 3) to base 10.
-8053
What is -673 (base 9) in base 6?
-2320
What is -137 (base 16) in base 5?
-2221
What is -1314 (base 9) in base 11?
-816
-24870 (base 12) to base 8
-140724
b4 (base 13) to base 11
124
-25134 (base 10) to base 14
-9234
-215661 (base 7) to base 11
-26667
What is 4453 (base 8) in base 4?
210223
What is -106b (base 13) in base 3?
-10010200
What is -d19 (base 14) in base 3?
-10112020
What is 224113 (base 5) in base 7?
32264
0 (base 10) to base 14
0
Convert 320121 (base 6) to base 10.
25969
What is 1567 (base 10) in base 3?
2011001
-4010 (base 6) to base 14
-462
What is -1100101000100 (base 2) in base 6?
-45540
What is 46130 (base 9) in base 15?
9186
-1021 (base 4) to base 12
-61
Convert 204 (base 5) to base 8.
66
-28932 (base 10) to base 12
-148b0
15661 (base 7) to base 10
4453
Convert -1220 (base 3) to base 15.
-36
Convert 4160 (base 7) to base 3.
2000012
What is 868 (base 15) in base 13?
b30
Convert -156 (base 16) to base 11.
-291
What is -3207 (base 10) in base 8?
-6207
Convert 11524 (base 7) to base 10.
3007
Convert -66 (base 10) to base 14.
-4a
10364 (base 7) to base 10
2594
Convert 3020 (base 10) to base 15.
d65
What is -100200 (base 5) in base 15?
-e1a
Convert 2003 (base 16) to base 12.
48ab
-17106 (base 9) to base 2
-10110111100111
10001011010 (base 2) to base 7
3151
Convert 4321 (base 6) to base 4.
33121
-579 (base 12) to base 8
-1455
11122002 (base 3) to base 6
23345
Convert 1277 (base 12) to base 15.
957
Convert 498 (base 15) to base 12.
72b
-a9f6 (base 16) to base 13
-16a5c
Convert -4245 (base 9) to base 8.
-6057
Convert -11336 (base 10) to base 12.
-6688
What is 14212 (base 9) in base 2?
10010110110010
Convert -1661 (base 7) to base 10.
-680
What is -21405 (base 9) in base 3?
-201110012
What is 22121012 (base 3) in base 12?
3765
What is 3844 (base 11) in base 13?
2384
What is -2344114 (base 5) in base 2?
-1010101010001011
17c44 (base 13) to base 10
46024
What is -1111330 (base 4) in base 2?
-1010101111100
-42 (base 14) to base 2
-111010
7570 (base 9) to base 2
1010111000011
What is 6153 (base 7) in base 12?
12a9
Convert 1110011111010110 (base 2) to base 15.
128ba
What is 23553 (base 6) in base 3?
11201220
-476 (base 13) to base 2
-1100000101
What is 20353 (base 11) in base 15?
8c03
Convert 108 (base 16) to base 7.
525
-22002 (base 3) to base 5
-1333
Convert -1011010101011 (base 2) to base 14.
-2187
-56553 (base 8) to base 9
-35722
What is 4112 (base 5) in base 8?
1024
Convert 35303 (base 6) to base 4.
1033113
Convert 558 (base 9) to base 2.
111001010
-64cd (base 14) to base 4
-10100111
1334 (base 7) to base 6
2215
Convert 18719 (base 12) to base 2.
1000101100000101
-330342 (base 5) to base 14
-41c7
What is 210012220 (base 3) in base 12?
8b50
Convert -23200 (base 5) to base 8.
-3213
2202012 (base 3) to base 10
2003
Convert -220 (base 4) to base 13.
-31
63d1 (base 15) to base 16
5281
What is 1430 (base 6) in base 2?
101111010
Convert -143137 (base 8) to base 3.
-2120122212
-342 (base 15) to base 13
-449
Convert -136 (base 10) to base 13.
-a6
7218 (base 10) to base 9
10810
15988 (base 11) to base 13
a304
1100 (base 6) to base 2
11111100
What is 256d (base 14) in base 7?
25066
-642 (base 8) to base 16
-1a2
Convert 320323 (base 4) to base 10.
3643
-2b3 (base 13) to base 16
-1e4
Convert 318 (base 9) to base 13.
170
1240 (base 7) to base 5
3334
-10101111000011110 (base 2) to base 10
-89630
What is 500135 (base 6) in base 5?
2221224
Convert 13642 (base 7) to base 2.
111010101010
What is 3320 (base 5) in base 7?
1225
-1242 (base 6) to base 7
-626
What is -1a (base 13) in base 11?
-21
15854 (base 16) to base 14
241a4
What is -420 (base 12) in base 10?
-600
Convert -fc8 (base 16) to base 13.
-1aba
221022022 (base 3) to base 4
10200101
-2b2a (base 15) to base 2
-10010000110001
Convert -131201 (base 4) to base 6.
-12425
What is 2143 (base 6) in base 9?
6